16
Let f(q) = 3*q**2 + 5*q + 2. Let n be 14 - 8/20*5. Suppose -18*b + n = -22*b. Determine f(b).
14
Let n(y) be the first derivative of -y**2/2 - 13*y + 334. Determine n(-7).
-6
Let i(t) = -11*t. Let z(w) = -54*w. Let u(h) = -24*i(h) + 5*z(h). Let c be u(-1). Let x(v) = 3*v + 8*v - 2*v**2 - v - c*v - 2. Give x(2).
-2
Let a(o) be the third derivative of 5*o**4/24 - 7*o**3/3 - 405*o**2. Determine a(-6).
-44
Let l(u) = -19*u**3 - 43*u**2 - 14*u - 35. Let t(d) = 12*d**3 + 28*d**2 + 9*d + 23. Let s(h) = -5*l(h) - 8*t(h). Determine s(-9).
9
Suppose 7*y = 6*y. Suppose -8*i + 5*i + 18 = y. Let p(a) = a**3 - 6*a**2 + 2*a - 4. Determine p(i).
8
Suppose 7*i - 8 = 34. Suppose 0 = -10*b + i*b - 20. Let j(c) = 5 + 0*c - c**2 - 4 - 6*c. Calculate j(b).
6
Let x be (-2)/5 - (-10)/25. Let p(b) be the second derivative of -4*b + 1/12*b**4 + 1/6*b**3 - 1/2*b**2 + 0 - 1/20*b**5. What is p(x)?
-1
Let p = 17 - 20. Let r(t) = -4*t - 7. Let a be r(p). Let z(o) = o**3 - 6*o**2 + 3*o + 6. Calculate z(a).
-4
Let h(s) = 20*s - 131. Let c be h(6). Let m(z) = -z - 14. What is m(c)?
-3
Let m(t) = 4287*t - 4287*t + 1 - 11*t**2. Let s(r) = -r**3 + r**2 - 2*r + 1. Let f be s(1). Give m(f).
-10
Let z be (4*33/(-18))/(4/(-54)). Let w = 95 - z. Let q(d) be the second derivative of -d**3/2 - 3*d**2 + 2*d. Calculate q(w).
6
Suppose 6 = -2*b - 4. Let i(p) = -19*p - 9. Let h(o) = 16*o + 8. Let f(v) = 6*h(v) + 5*i(v). Determine f(b).
-2
Let i(x) = -x**2 + 4*x + 7. Suppose -4*k = k - 5. Suppose t + 3 = k. Let f be t/(-9) + 43/9. What is i(f)?
2
Let u(q) = q**3 + q**2 - q - 8. Let g = 32 - 27. Suppose 0*y = g*y. Calculate u(y).
-8
Let l(c) be the third derivative of 0 - 1/6*c**4 + 0*c - 1/6*c**3 - 6*c**2. Let k(b) = -7*b - 2. Let n(p) = 3*k(p) - 5*l(p). Give n(-4).
3
Let d(m) = 2*m**3 - 2*m**2 + 7*m - 11. Let t(y) = -3*y**3 + 3*y**2 - 10*y + 17. Let r(n) = -7*d(n) - 5*t(n). Suppose 9*i - 24*i + 0*i = 0. Give r(i).
-8
Let s(v) = v - 11. Let d(x) = -2*x + 12. Suppose -5*n - 14 = 2*n. Let b(j) = n*d(j) - 3*s(j). Determine b(0).
9
Let a(l) be the first derivative of l**3/3 - 5*l**2/2 + l + 51. Determine a(3).
-5
Let y(k) = -k**2 - 9*k - 11. Suppose -1004 = 2*j - 994. What is y(j)?
9
Let j(u) = 11530*u**2 - 11529*u**2 - 2*u + 1 + 6*u**3 + 4*u. Determine j(-1).
-6
Let q(b) = b - 8 - 16*b**3 - 13 - 2 + 22. What is q(1)?
-16
Suppose 3 - 3 = 144*d - 0. Let z(s) = -1 + 0*s**3 + 0*s**3 - s**3. What is z(d)?
-1
Let t(k) = k**3 - 7*k**2 - 9*k + 8. Let z be t(8). Suppose -4*o + 7*o - 3 = z. Let m(l) = 8*l + 1. Give m(o).
9
Let n(u) = -2*u**3 + 6*u**2 - u - 3. Let k be n(-6). Suppose 3*h + 3*t - 5*t - k = 0, -t = -h + 216. Let l(a) = a**3 + 220 - h - a + a. What is l(-1)?
0
Let p(y) = y**3 + 5*y**2 - 5. Let w(d) = d**2. Let j be (-26)/(-12) + -3 - (-2)/(-12). Let m(o) = j*p(o) + 6*w(o). Give m(0).
5
Let k(a) = -14*a**2 - a + 2. Let x(w) = 40*w**2 + 3*w - 7. Let c(n) = 17*k(n) + 6*x(n). Determine c(-3).
7
Let t(f) = 2*f**3 - 7*f**2 - 15*f + 8. Let o(u) = -3*u**3 + 6*u**2 + 17*u - 9. Let l(b) = 3*o(b) + 4*t(b). Suppose 0 = 2*a + 10 + 8. Calculate l(a).
5
Let b be (-8)/(-4) + -3 + 1. Suppose b = 2*c - 5 - 1. Suppose -s + c*s - 2 = 0. Let i(a) = -2*a. Determine i(s).
-2
Let d(a) be the second derivative of a**3/3 - 3*a**2/2 - 123*a + 2. Let v = -1 - -3. Calculate d(v).
1
Let o be (2 + 22/10)/(33/55). Let k(m) be the first derivative of -m**3/3 + 2*m**2 + 8*m + 1. Determine k(o).
-13
Suppose 21 = -18*z + 15*z. Let u(v) = -v**3 - 8*v**2 - 10*v + 2. Determine u(z).
23
Let p be (-2 - -1)/((-1)/((-5)/5)). Let k(l) = l**3 + 3*l**2 - 6*l - 4. Let z be k(-4). Let r(x) = -2*x**2 - 1 + x + x**3 + z*x**2 + 2. Give r(p).
1
Let o(r) = -r**3 - 2*r**2 + 1. Let x(q) = -4*q + 29. Let j = 127 + -120. Let b be x(j). What is o(b)?
-2
Let x(c) = 11*c**2 + 10*c**2 + 3*c**3 - 18*c - 4 - 8*c**2. Let d(h) = h**3 + 4*h**2 - 6*h - 1. Let n(q) = -8*d(q) + 3*x(q). Calculate n(-8).
-20
Let g = -6 - -4. Let z(k) be the second derivative of k**6/180 - k**5/60 - 5*k**4/6 - 13*k. Let v(r) be the third derivative of z(r). Determine v(g).
-10
Let q(o) be the third derivative of 0 - 1/2*o**3 + 0*o - 8*o**2 + 1/3*o**4. Determine q(3).
21
Let j(u) = 2*u + 5. Let p be -1 + (-4)/(3 + -4). Suppose 3 = p*v - 9. Give j(v).
13
Let s(g) be the first derivative of 4*g**3/3 + g**2/2 + g + 387. Let r = -2 - -4. Suppose -r*f + 1 = -3*f. Give s(f).
4
Let q = -81 + 113. Let z(j) = 10*j + 13*j + 8*j - q*j - 1. What is z(-6)?
5
Let l(u) be the second derivative of -u + 3/2*u**2 + 0 - 1/6*u**3. Let o = -611 + 608. Determine l(o).
6
Let y(z) = z**2 - 4*z + 5. Let t(j) = j**3 - 6*j**2 + 5*j + 4. Let p = -117 - -197. Let o be (2/(-8))/((-4)/p). Let l be t(o). Give y(l).
5
Let b(o) = 7*o + 1. Let x(m) = m - 1. Let n(k) = 2*k - 6. Let f be n(4). Suppose 4*v - 2 - 4 = f*c, 3*c + 17 = -2*v. Let d(z) = c*x(z) + b(z). Calculate d(-6).
-6
Suppose -1 = o + 5. Let t = -43 - -46. Let x(y) = 6*y**2 - y - 2 + y**t + y**2 + 0*y - y**2. Calculate x(o).
4
Let d(g) = -g + 9 + 4*g - 2*g. Suppose -11*k = 1142 - 1098. What is d(k)?
5
Let b(g) be the second derivative of g**4/12 + 7*g**3/6 - g**2 + 2*g. Suppose 0 = 2*v - v + i - 6, 4*v + 5*i - 28 = 0. Suppose -v*d - 18 = d. What is b(d)?
-8
Let y(g) = 10 + g - g**2 - 2 + 3*g + 3*g. Determine y(9).
-10
Let p(w) = -3 - 4 + w - 3*w + 4*w. Let u be p(5). Suppose 3*q - 13 - 6 = -2*h, -13 = h - u*q. Let f(z) = -z**3 + 2*z**2 - 4*z + 3. Give f(h).
-5
Let u(h) = 27*h**3 + 3*h**2 + 3*h + 14. Suppose 5*o + 17 + 68 = 0. Let r(q) = 9*q**3 + q**2 + q + 5. Let y(w) = o*r(w) + 6*u(w). Calculate y(1).
10
Let x = -238 - -243. Let w(l) be the first derivative of l**3/3 - 3*l**2 + 4*l + 1. Determine w(x).
-1
Let r(s) = -s**3 + 5*s**2 - 2. Let l(n) = -2*n + n**2 + 19*n - 13*n + 8. Let i be l(-3). Calculate r(i).
-2
Let n(f) = f**3 + 15*f**2 - 16*f - 6. Suppose 143 - 639 = 31*b. Determine n(b).
-6
Let d = -94 - -93. Let n(j) = 11*j - 9*j + 1 - j**2 - 9*j**3 + 3*j**2. Give n(d).
10
Let x be (20/35)/((-2)/(-7)). Let z(n) = 7*n + 11. Let h(t) = 3*t + 5. Let r(m) = x*z(m) - 5*h(m). What is r(-8)?
5
Let b(s) be the second derivative of -s**4/8 - 5*s**3/6 - 2*s**2 - 14*s. Let p(a) be the first derivative of b(a). What is p(-4)?
7
Let d(c) be the second derivative of -c**3/6 + c + 2. Give d(3).
-3
Let v(o) = -2*o - 15. Let b(u) = -4*u - 44. Let i(r) = -3*b(r) + 8*v(r). Determine i(5).
-8
Let v(r) = r - 3*r + 3*r - 2*r + 2. Let t(u) = -u**2 - 5*u + 20. Let c be t(-9). Let q = 18 + c. Determine v(q).
0
Let z(n) be the third derivative of -n**6/720 + n**5/15 - 37*n**4/24 + 34*n**2. Let q(i) be the second derivative of z(i). Give q(0).
8
Let i(c) be the first derivative of c**3/3 - 5*c**2 + 4*c + 1. Let a = 177 + -170. Calculate i(a).
-17
Let d(r) = -r**3 - 8*r**2 - 6*r + 12. Let l be d(-7). Let q(f) = -f**3 + 6*f**2 - 2*f - 12. Determine q(l).
3
Let z(y) be the second derivative of y**5/120 - y**4/24 - 2*y**3 + 4*y. Let p(l) be the second derivative of z(l). Give p(2).
1
Let m(g) = 3*g**3 - 21*g**2 + 18*g + 15. Let o(p) = -10*p**3 + 65*p**2 - 55*p - 46. Let f(s) = 7*m(s) + 2*o(s). Give f(16).
13
Let k(i) = -2*i**2 - i. Suppose 7 = -3*y + 1. Let v = 1 - y. Let h be -2*(v/6 + 0). Calculate k(h).
-1
Let o(m) = m**3 + 4*m**2 + 10. Let n(g) = -g**3 - 3*g**2 - 8. Let z(h) = 4*n(h) + 3*o(h). Give z(0).
-2
Let g(b) = -2*b**2 + 7*b + 5. Let l(n) = n**2 - n - 2. Let j(h) = g(h) + 5*l(h). Calculate j(-5).
60
Let w(m) be the second derivative of 1/20*m**5 - 1/3*m**3 + 0 + 2*m + 3/2*m**2 - 1/4*m**4. What is w(2)?
-5
Let z(s) = -52 + s + 28 + 15. Determine z(13).
4
Let f(l) = l**3 + 4*l**2 + 6*l - 4. Let t(q) = -q**2 - q - 2. Let h(r) = -f(r) - 5*t(r). What is h(0)?
14
Let o be (-2)/3 + -4 + 3/(-9). Let k(w) = w**3 + 5*w**2 - 4*w - 3. Give k(o).
17
Let w(p) = -p**3 - 9*p**2 - 156*p - 28*p + 194*p + 1. Calculate w(-10).
1
Let n(d) = -d. Let q(y) = 10*y**2 - 200*y + 11. Let x be q(20). What is n(x)?
-11
Let t(v) = v**3 + 3*v**2 + 5*v. Let m = -8 - -13. Let s(u) = -3*u**3 - 6*u**2 - 10*u - 1. Suppose 51*w - 34 = 68. Let z(p) = m*t(p) + w*s(p). What is z(4)?
2
Suppose g + 30 = -5*z - 0*g, -2*g = -z + 5. Let t(r) = r**2 - 7 - 26*r + 1 + 31*r. Calculate t(z).
-6
Let r = -13 - -7. Let z be (-4)/4 - r/3. Let u = 3 + z. Let n(q) = -q**2 + 4*q + 4. Give n(u).
4
Let v(c) = c**2 + 4*